at is the value of 90 + (-1 - (0 - -1)) - (3402 - 3419)?
105
Evaluate 42 + (-7 - 13) - 5.
17
Calculate (96 - 1) + -122 + -2 + 7.
-22
(16 + -7 - -9) + (5 - (6 - 2))
19
Calculate ((6 - (8 + -10)) + -76 - -14) + 6.
-48
What is the value of -57 + 66 + (-13 - (-1 + -8 - -10))?
-5
Calculate -86 + (21 - ((-5 - -3) + 18)) + 3 + 0.
-78
Evaluate 29 - (-17 - -112 - 74).
8
Calculate -110 + 162 + -50 - (58 + -1 - (12 + -9)).
-52
Calculate -71 - (-23 + 70 + -74).
-44
What is the value of -17 - 20 - -36 - 15?
-16
130 - 80 - (24 + 0)
26
Evaluate 0 + (7 - 3) + 3 - (98 - 123) - -11.
43
What is the value of 6 + 2 + -1 - (-3 - (7 + 3) - 23)?
43
What is 29 + 3 + (-74 - (-65 - 52))?
75
Evaluate -9 - (18 + 6) - (-646 + 521).
92
What is -15 + (116 - 103 - -78)?
76
Evaluate (-1 + -104 - (18 - 11)) + -74 + 80 + 4.
-102
Calculate 2 + -1 - (45 + -58) - 50 - -5.
-31
What is 2 + (3 - 2) + -22 + (19 - -39 - 24)?
15
What is the value of 97 - (-12 + (50 - (52 + -15)))?
96
What is the value of -26 + (0 - (-1 - -17))?
-42
-26 + (15 - -40) - (0 - 18)
47
What is the value of -2361 + 2362 - (-9 - 1)?
11
What is the value of -6 + (-11 - (-14 - -9)) - (5 - (66 - 1))?
48
Evaluate -12275 - -12251 - (2 + (-2 - (-9 - 1))).
-34
Evaluate -125 + (-294 - -416) - (1 - (76 + (2 - 4))).
70
Calculate (3 - -25) + -24 + 6 + (-13 - -16).
13
What is the value of -75 + (19 - -20) + 39?
3
-31 + (24 - 8 - (-143 - -32))
96
Calculate (-2 - -6 - (25 - (3 + -4 - -17))) + 26.
21
1 + 22 + -68 - (-47 + -33)
35
Evaluate 7 + 68 + (25 - (46 - 7) - (0 - 5)).
66
4 - 16 - (-7 - -2) - (-43 - -81)
-45
10 - 3 - ((6 - 40) + (-1 - -8))
34
Calculate (4 - -8) + (44 - 37) + 3 + -22.
0
What is the value of -12 + -2 + 3 - (-5 + -10 - -26)?
-22
Calculate 2 + (5 + (36 - (-8 - -5)) - 13).
33
Evaluate -85 - (-22 + (29 - 49)).
-43
What is 40 + (41 + 15 - 20) + -9?
67
What is the value of (16 - (7 - 2)) + -12 + (1 - 56 - -2)?
-54
What is 59 + -149 + (5 - (-12 + 56))?
-129
Evaluate (-9 - -3) + 32 - (-10 - (-13 - -1)).
24
Evaluate 27 - (-61 - (-136 + 49)).
1
Calculate 46 - (-75 - (-256 - -59)).
-76
What is (7 - -2) + (-19 - (-6 + -8)) + (-14 - 36)?
-46
97 - ((1 - -85) + -32)
43
What is 6 + (-110 - (-24 - 8) - (-3 + 15))?
-84
Evaluate 2 + 17 + -11 + (-10 - -8) + -3.
3
What is 0 + -1 + 10 - ((22 - 49) + 146 - 11)?
-99
Calculate -43 + (30 - (20 - 4)) - 1.
-30
Calculate (-3 - 1) + 0 + (-52 - -1) + 38.
-17
65 - (24 + -46 - (-8 - (-8 + (8 - -4))))
75
What is -1 + 2 + -8 + 6 - -7 - -17?
23
What is the value of -1 + 0 + 15 + (-8 + 5 - (9 + -9))?
11
What is 3 + (-1 - -4 - 0) - (581 - 593)?
18
What is 77 - 20 - (59 + -49)?
47
Calculate -2 - (67 + -93 + 13).
11
What is the value of (78 - 32) + (-5 - (-3 - -2)) + 40 + -34?
48
What is the value of -62 - (-121 + -16 - 16)?
91
13 - (0 + (78 - 40))
-25
-106 + ((31 - 8) + -24 - (2 + -23))
-86
What is the value of (-5 - (-3 + (104 - 115) + 3 + 1)) + -68?
-63
14 - 2 - (0 + -12 - (63 + -82)) - 2
3
What is (2 + 5 - (84 + 18 + 8)) + 12?
-91
Evaluate -4 + -24 + 15 + (-83 - -89).
-7
Evaluate -63 + -47 + -134 + 146.
-98
Evaluate 61 - (43 - 11 - -6 - 21).
44
What is the value of (-67 - -38 - -10) + -35 - -30?
-24
What is the value of -15 + -5 + -2 + 80?
58
Evaluate 25 + (53 - 264) - -106.
-80
Evaluate -64 - (674 + -673 + -1 + (2 - (0 - -4))).
-62
What is -9 + (128 + -71 - 47 - (1 - (1 - -26)))?
27
What is the value of 22 - 9 - 104 - (-39 - -6)?
-58
Calculate 6 + (19 - (12 - 14)) + -17.
10
What is the value of -4 + -5 + 2 + (-3 - (0 - -31))?
-41
What is the value of -64 + -159 + 255 + -65?
-33
3 + (-3 + 3 - 9) + -10 + (-131 - 3)
-150
What is 71 - -2 - (16 + 14 + -49 - -34)?
58
What is 1 + 42 + 17 + (-19 - -42 - 41)?
42
What is the value of -132 + (0 - (-13 + 40 + -19)) + 16 + -4?
-128
Calculate -89 - (-109 - (-54 - -5)).
-29
Evaluate (-34 + (11 - -8) - 2) + (-10 - 0).
-27
Calculate (4374 - 4403) + -7 + -5.
-41
What is the value of -10 + (-2 - -10) - (-14 - (-4 + (138 - 8)))?
138
What is -122 - (-98 + -17) - 60?
-67
What is -16 + (-18 - -61) + -23 + -42?
-38
-2 + (-1 - 11) - (-4 + 21)
-31
What is the value of 31 - (-745 + 780 + (2 - 59))?
53
13 + -2 + 55 - (11 - (1 + -2 + 2))
56
What is the value of 4 - -8 - (91 - (55 + (-30 - -7)))?
-47
Calculate -13 + 32 - 13 - 21 - 0.
-15
Evaluate -19 + -73 + 81 - -78.
67
Evaluate 0 + -11 + 36 + 12 - 14.
23
Evaluate -39 + -54 + -3 + 20 + 19.
-57
Evaluate (1 - -4) + 746 + -724 + 10 + 2.
39
What is -7 - (-4 + 3 + -6) - (650 + -645)?
-5
Evaluate -84 + (-160 - (-235 - -107)).
-116
Calculate 3 + (87 - (12 - 12)) + -15 + -3.
72
45 + (-209 - (-21 - -10) - -20)
-133
-4 - (-16 - (-68 - -124))
68
Calculate (-3 - 26) + 6 + -23 + 8 + 7 + -2.
-33
What is 2 + (-3 - -3) + 15 + (59 - (-17 + 74))?
19
Evaluate -59 + ((-11 - (5 + -11)) + 12 - -8 - 5).
-49
Evaluate 35 + (25 - (57 + -20 - 19)).
42
What is 0 - 17 - (-4 + -49 - -38 - -38)?
-40
What is 0 + -50 + 831 + -797?
-16
What is 28 - (-10 + -10 + 5) - 24?
19
Calculate -57 - 3 - (-3 + -13).
-44
-55 - ((2 - 5 - 0) + (-52 - -51))
-51
Calculate -12 + (21 - 94) + (-5 + 0 - (39 - 44)).
-85
What is the value of 0 + -13 - (253 + -327)?
61
What is -15 + (1 - 0) + -200 + -90 + 351?
47
-4 - (9 - (17 - 14)) - (34 + 15)
-59
Calculate 5 + -4 - (49 + (5 - 39)).
-14
-45 - ((0 - 23) + -30 + (2 - -38))
-32
4 + 2 + 3 + (0 - -11) + 1
21
120 + -38 + -89 + 15
8
Evaluate 2 + 5 + (1 - -5) + -216 + 212.
9
What is -7 + -3 + 75 + 2 + -1 + -9?
57
What is 121 + (1 - 0) + -30 + (-213 - -221)?
100
Calculate (-59 - -106) + (-56 + 20 - 5).
6
Calculate -31 - (90 - 70) - -78.
27
What is the value of -36 + 24 + 12 - (2 + 5 + -82)?
75
Calculate -80 - -77 - 53 - 35.
-91
Evaluate (1 + 84 - (7 - -5 - 7)) + (-1 - 0).
79
Evaluate (35 - (0 + -1)) + (65 - (139 + -89)) - 8.
43
What is 57 + -44 + (-7 - -9)?
15
Calculate (12 - 9) + -8 - 0 - 0 - -59.
54
Calculate 24 - (-23 - (-9 + (16 - 81))).
-27
What is -22 + 34 + (3 - 0) + 9?
24
What is 14 - (-23 + (9 - -2) + -12 - -14)?
24
What is -5 - (60 - -38) - -50?
-53
What is the value of (12 + (16 - 142) - -22) + -2 + 17?
-77
Evaluate 21 + (-10 + 5 - 19) + -78.
-81
What is (-5 - (6 - 2)) + 15 + 5 + -22?
-11
Calculate 211 + -68 + -83 - (-2 - (-1 - 1)).
60
Calculate -34 + 6 + (-22 - -21 - -2).
-27
What is the value of (-78 - -68) + (0 + -2 - -2) + 7?
-3
(-13 - -7 - -78) + 3 + -7 + (-14 - -11)
65
What is the value of (4 - (-8 + 5 + (-1 - -12))) + (-58 - 5)?
-67
Evaluate (2 - 55) + 49 + 26 + -55 + (0 - -6).
-27
What is 34 + 25 + (-16 - -5) + -15?
33
What is the value of -8 + 27 + -1 + 4 + -6 + 42?
58
-70 - -79 - (12 + -42)
39
Calculate -33 + -3 + 39 + -2.
1
What is the value of (-3 - (-8 + 2 - (3 - (6 + 0)))) + 31?
31
Evaluate -36 + (-50 - 19) + 31.
-74
What is (-26 - -37) + (2 - 24) + -16 - 3?
-30
Calculate 5 - 1 - (-379 - -329).
54
What is 10 + (-14 + -17 + 11 - 33)?
-43
What is the value of (-1 + 13 - (-1 + 47 - 46)) + 12?
24
What is (-53 + (3 + -11 - (20 + -19)) - -3) + 5?
-54
What is 8 - 3 - (664 + -628)?
-31
Calculate -48 - -1 - (227 - 237) - -31.
-6
Calculate -16 + -15 + 24 + 45 + -5.
33
Evaluate 11 + (1 + -67 - (-35 - -38)) - -1.
-57
What is the value of 33 + 4 + -24 - 1 - 16?
-4
-11 + (3 - (-57 - -4)) + (-82 - -83)
46
Evaluate 83 + (-6 - 57 - -42).
62
What is the value of -2 + -3 - (-31 + (3 + 6 - -1) + 2)?
14
Calculate -15 + 20 + 5 + 38 - (-10 + -1).
59
-79 - (1 - 1 - (-244 + 109 + 147))
-67
What is 20 - (-47 - (-87 + 7))?
-13
1089 + -1080 - (-8 + -2)
19
Calculate 56 + -24 + 85 + -30.
87
What is (17 - (2 - (-76 - -19))) + (14 - 2)?
-30
Calculate -78 - (71 - 149) - (2 + -36).
34
-5 + 55 + 480 + -465 + -28 + 0
37
Evaluate 23 - (-122 + 137) - (4 + -1).
5
What is the value of 62 + (54 - 75 - -27)?
68
Evaluate 0 + -25 + (-3 - (29 - 23)).
-34
(3 - (4 + 0)) + -2146 + 2205
58
Calculate 39 - (22 - (0 - -9)).
26
Evaluate -12 - ((51 + -62 - (14 - 0)) + 12).
1
-10 - (5 - -31) - 31
-77
What is the value of (-15 - 28 - 19) + (-1 - (-3 - -1))?
-61
(-35 - -37 - 42) + 140
100
-53 - (8 + -16 - -7) - (10 + (-1 - 5))
-56
Evaluate (19 + -35 - 2) + (-37 - 6).
-61
What is the value of -15 - -1 - (26 + (-3 + -19 - -8))?
-26
What is (-196 - (59 - 187)) + 89?
21
What is -31 - (-10 + (22 + 0 - 23))?
-20
Evaluate -9 - (48 + -9 + 60).
-108
Calculate -1 - (8 + -10 - ((15 - 23) + -27)).
-34
Calculate (6 - (1 + 8)) + -49 + 57.
5
Evaluate -2 + 16 + (-83 - -41) + 2